 + t*a + 185. What is the tens digit of v?
9
Let a(h) = 3*h**2 + 1 - 7*h + 2*h + h. Let m be a(7). Suppose -m = -p + 31. What is the hundreds digit of p?
1
Let b be 16/48 - 3/9. Suppose 20*h - 9004 + 2624 = b. What is the hundreds digit of h?
3
Suppose -48*l = 197685 - 948597. What is the ten thousands digit of l?
1
Suppose 5*t + 67 = 3*j + 727, 4*t = j + 213. Let y = 271 + j. What is the units digit of y?
6
Let k be (-24)/20*5/(-2). Let f be (1*-1)/(7/(-84)). What is the units digit of k/(-9) + 772/f?
4
Let u = 18137 + -9156. What is the units digit of u?
1
Suppose -h + 54528 - 1048 = 0. What is the hundreds digit of (h/110 - -8) + 4/(-22)?
4
Let m(a) = -31*a - 124 + 31*a - 31*a + a**2. What is the units digit of m(37)?
8
Let n = -52 + 34. Let l be (-8)/(-6) + 60/n. What is the units digit of ((-14)/6 - -1)*9/l?
6
Suppose -11*p + 24 = -108. Let t(d) = 3 - 15 - p - 8 - 5*d. What is the units digit of t(-12)?
8
Suppose -34200 = -3*o - 3*t, -o + 915 = 4*t - 10485. What is the ten thousands digit of o?
1
Let b = -5190 - -18968. What is the hundreds digit of b?
7
Let h(q) = -q**3 + 31*q**2 - 29*q + 58. Let i be h(30). Let a = i - -107. What is the tens digit of a?
9
Let y = -32930 + 66324. What is the thousands digit of y?
3
Let j(r) = 814*r**2 + 59*r + 352. What is the tens digit of j(-6)?
0
Let s be (48/15)/(2/(-10)). What is the tens digit of (450/(-40))/(2/s)?
9
Suppose 3*l + 0*c = -5*c - 120, -2*l - 80 = -c. Let v = 47 + l. Suppose -3*q = -499 + v. What is the units digit of q?
4
Let h(k) = k**2 - 9*k - 19. Let i be 10 + -14 + 15 + 0. Let w be h(i). Suppose 2*a - a = -f + 61, -w*a + 143 = -5*f. What is the units digit of a?
6
Suppose 3*p = 2*a - 385, -2*a = 4*p - 7*a + 525. Let h be ((-76)/(-10))/((-50)/p). Suppose -h + 136 = 3*s. What is the tens digit of s?
3
Let d = -44 + 43. Let o be 144/6*d/(-2). Suppose -c = -5*c + o, 2*x - 67 = -c. What is the tens digit of x?
3
What is the tens digit of 6*(-7)/((-21)/(-2)) + (-1968)/(-2)?
8
Let c(b) = 88*b + 19. Let r(h) = 177*h + 37. Let l(d) = -10*c(d) + 4*r(d). Let u be l(-5). Suppose -2458 - u = -14*o. What is the units digit of o?
4
Suppose -18376*f - 38304 = -18390*f. What is the thousands digit of f?
2
Suppose 41*t = 43*t - 11344. What is the thousands digit of t?
5
Suppose -11*i + 118702 = -601545. What is the ten thousands digit of i?
6
Suppose -4*m + 0*m + 1484 = 0. Suppose -14*c - m = 175. Let f = 55 + c. What is the units digit of f?
6
Let w(x) = x**2 + 14*x - 23. Let m be w(-16). Suppose o + 8 + m = 2*j, 5*j - o = 47. What is the tens digit of 362*((-9)/(-10) - 4/j)?
8
Let a = 6388 - 1385. What is the thousands digit of a?
5
Let p = 62785 - 35894. What is the thousands digit of p?
6
Let l(u) = -2*u**2 - 9*u - 12. Let j be l(-6). Let m be (7 - 621/(-36)) + (-3)/(-4). Let w = m - j. What is the tens digit of w?
5
What is the tens digit of -4*(-27)/36 - -14?
1
Let y = -618 + 621. Suppose 6*l - y*x = 3*l + 2532, 0 = 2*l + 5*x - 1674. What is the hundreds digit of l?
8
Let l = -12034 + 17724. Suppose 19*f - 9*f = l. What is the hundreds digit of f?
5
Let d(l) = l**2 + 16*l - 26. Suppose 0 = -6*p - 2*p + 160. What is the units digit of d(p)?
4
Let g(x) = -21583*x**3 + x**2 - 27*x - 26. What is the tens digit of g(-1)?
8
Let w(v) = -v**2 - 15*v + 31. Suppose q + 91 = 108. Suppose -q*h + 22*h + 65 = 0. What is the tens digit of w(h)?
5
Suppose -71*t + 114*t = -7869. Let c = -112 - 4. Let i = c - t. What is the units digit of i?
7
Suppose -2*u - 3*l + 33 = -5*u, u + l + 5 = 0. Let x be 4/((-16)/12 - -2). What is the tens digit of 172/(4/2) + u + x?
8
Suppose b = 321 - 328. What is the tens digit of 14/(-126) + b/((-63)/10396)?
5
Suppose -3*f + f - 3*o = -2134, -5*f + 3*o + 5293 = 0. Suppose -2*k + 827 + f = 3*y, -2*y = -k - 1261. What is the units digit of y?
0
Suppose 0 = b + m - 0*m + 24, -4*m + 72 = -4*b. Let q = b + 328. What is the tens digit of q?
0
Suppose -5*l = h - 50, 3*h = -4 + 19. Let j be 1 + -6 - 522/l. Let b = 67 + j. What is the units digit of b?
4
Let s = 46529 - 20878. What is the units digit of s?
1
Let p = 3 - 22. Let x(o) = -o**3 - 17*o**2 + 26*o - 20. What is the tens digit of x(p)?
0
Let f = -436 - -621. Let r = -91 + f. What is the tens digit of r?
9
Let k(h) = -h**3 + 9*h**2 - 11*h + 28. Let t be k(8). Suppose t*y - 1879 - 429 = 0. What is the tens digit of y?
7
Let u = -90 + 93. Suppose -t - 2064 = -5*l, -u*l - l + 3*t = -1660. What is the units digit of l?
2
Let n(a) = a**3 + a**2 - 4*a - 3. Let v be n(-2). Let j be -15*v*3/(-9). Suppose -2*r + j*k + 155 = 0, 344 = 6*r - r + 2*k. What is the tens digit of r?
7
Let k(h) = -h**2 + 1. Let a(q) = -q**2 + 29*q - 5. Let i(z) = a(z) - 2*k(z). Let f be i(-17). What is the units digit of 7/14*2/(-1)*f?
1
Let d(u) = -6*u**3 - 2*u**2 + 9*u + 11. Let m be d(-4). Let o = m + 66. What is the units digit of o?
3
Let g = 471 + 798. Let s = g + -519. What is the tens digit of s?
5
Let f be -15 - 2/((-10)/25). Let k(v) = -v**3 - 11*v**2 - 15*v + 17. Let q be k(f). Suppose 2*h + q = 301. What is the hundreds digit of h?
1
Let y(g) = -2 - 25 - 12*g**2 + 13*g**2 - g. Let v be y(-5). Suppose v*n - 90 = -3*m + 111, -3*n = -4*m - 194. What is the tens digit of n?
6
Let t(s) = 10*s**2 - 9*s + 93. Let v be t(7). Suppose 0 = 1027*i - 1019*i - v. What is the units digit of i?
5
What is the tens digit of 16*13/416 - (-16161)/2?
8
Let x = -45111 - -106334. What is the thousands digit of x?
1
Suppose -3*b = -4*f + 2488, 0*f - 3110 = -5*f - 3*b. Let q = -161 + f. What is the units digit of q?
1
Suppose -26 = -d - 2*d - m, -34 = -5*d + 3*m. Suppose d*j - 1981 = j. What is the tens digit of j?
8
Let y = 4794 + -1823. Let x = y + -1612. What is the thousands digit of x?
1
Suppose -207 = 70*m - 73*m. Suppose -m = d - 372. What is the tens digit of d?
0
Suppose -1862*q + 75911 = -1817*q - 499099. What is the ten thousands digit of q?
1
What is the thousands digit of ((-63)/((-12096)/(-240)))/((-2)/2064 + 0)?
1
Let r(a) = -123*a**3 - 9*a**2 + 270*a + 2173. What is the hundreds digit of r(-8)?
4
Suppose -18*x = -9*x + 184*x - 6643253. What is the units digit of x?
1
Suppose 23*t = 22*t + 4. Let z(s) = 14*s**2 - 9*s - 4. What is the units digit of z(t)?
4
Let q(m) = 43*m + 1111. Let y(x) = x**2 - 20*x - 44. Let l be y(22). What is the units digit of q(l)?
1
Let f(k) = 11013*k**3 - 2*k**2 - 21*k + 22. What is the ten thousands digit of f(1)?
1
Let y be 3/((-36)/(-5038)) - (-2)/12. Suppose -8*u = -4*u - y. What is the units digit of u?
5
Suppose r = -2*m + 15, -5*m - 5*r + 0*r = -35. Suppose g = m*g - 10325. What is the hundreds digit of g?
4
Let p(x) be the first derivative of 2*x**3 + 9*x + 15 - 1/2*x**2 + 1/4*x**4. What is the tens digit of p(-6)?
1
Let b(v) = 18329*v**2 + 149*v - 148. What is the tens digit of b(1)?
3
Let c be 2 + (10/(-15))/(2/6). Suppose c = -4*p + 205 + 959. What is the tens digit of p?
9
Let g = 117 - 126. Let k(d) = -d**3 + 2*d**2 + d - 2. What is the tens digit of k(g)?
8
What is the ten thousands digit of -9 + 138348/5 + 6/(-10)?
2
Let b(i) = -40*i - 37. Let g be b(-14). Suppose -t = -3*p + g, 2*p - 438 = -3*t - 82. Let f = -90 + p. What is the tens digit of f?
8
Let x = -13 + 15. Let d(j) = -4*j**3 - 2*j + 3*j**3 - 88*j**2 + 67*j**x + 20. What is the tens digit of d(-21)?
6
Let w(i) = -218*i + 907. What is the thousands digit of w(-17)?
4
Suppose -2*c = 1 + 3. Let u be (c/4 - 3)*-14. Suppose 0*p + u = p. What is the units digit of p?
9
Suppose -3*n + 2*r = -78365, 52*n = 51*n - 4*r + 26145. What is the units digit of n?
5
Suppose 0 = -m + 57005 - 10335 + 2084. What is the thousands digit of m?
8
Suppose -5*v + 1245 = -0*v + 5*d, -2*v + 510 = -d. Suppose 21*c = 23*c - h - v, 2*c - 2*h - 250 = 0. What is the tens digit of c?
2
Let z(g) = -20*g + 13. Let q(v) = 62*v - 40. Let u(l) = -2*q(l) - 7*z(l). What is the units digit of u(8)?
7
Let m(f) be the second derivative of f**3/3 - 9*f**2/2 + 17*f. Let o be m(3). What is the tens digit of o/(-18) + 334/12?
2
Suppose -340 = -19*f + 2*f. What is the hundreds digit of 5/f + 2635/4?
6
What is the thousands digit of (12/16)/(42/1036168)?
8
Let t = -41 + 45. Let f(y) = 31*y**2 - t*y - 8*y**2 + 4 + 0. What is the units digit of f(2)?
8
Suppose -t + x = -6, 0*t - 6 = t + 5*x. Suppose 0 = 3*p